 n + 190. Is y composite?
True
Let z(i) = -104*i + 46. Let y be z(7). Let w = y + 2028. Is w composite?
True
Let r(b) = b**3 - 36*b**2 - 7*b - 79. Let q(l) = -19*l + 405. Let k be q(19). Is r(k) a prime number?
True
Suppose -363036 = -6*c + 1216974. Is c a prime number?
False
Let q = 3546 + -1386. Let z = 12400 - q. Suppose -z = -5*a - 3*y, -4 = y + 1. Is a prime?
False
Suppose 0 = -2*l - 3*b + 23164, -2*b + 11583 = -145*l + 146*l. Is l a prime number?
True
Suppose v - 7*y + 3*y = -43, 0 = -3*v - 5*y - 163. Let s = 48 + v. Let c = 128 - s. Is c a prime number?
True
Let p = -536707 + 824426. Is p composite?
True
Let z(o) = 933*o**2 + o + 1. Let c be z(-3). Suppose -c = 2*p - l + 15247, -16 = 4*l. Is (p/14)/(3/(-2)) a composite number?
False
Suppose 3*o = -2*o + 4*w + 81, 0 = o - 4*w - 13. Let p = -14 + o. Suppose i - 1405 = -i + p*f, 4*i + 4*f = 2840. Is i prime?
False
Suppose b - 4*l - 7 = 0, -b - 13*l + 25 = -8*l. Suppose b*c - 10959 = 12*c. Is c a prime number?
False
Let t = -79 + -62. Let u = t + 374. Is u prime?
True
Let a be (82/4 + -1)/(9/(-12)). Let n(h) = -509*h + 204. Is n(a) composite?
True
Let g be 18/8 + 25/(-20) + 1. Suppose g*s - 6356 = 42206. Is s a prime number?
True
Let c(x) = x - 16. Let v be c(28). Suppose 13*o - v = 11*o. Is o/9 + -2 - 46012/(-12) composite?
False
Suppose -4*u + 24 = 0, 18*v + 13*u = 13*v + 832363. Is v prime?
True
Suppose 2*z = 2*o - 74, 4*o - 196 + 68 = -z. Is 34342/o + (0 - 1)/(-3) a prime number?
False
Let y = -105349 - -156182. Is y prime?
True
Let k(c) = -596*c**2 - c. Let v be k(3). Let x be (1 - v/(-9))*(-165)/10. Suppose -11*o = -0*o - x. Is o prime?
False
Let x be 704 - -5 - (-2 - (-3 + 3)). Suppose 0*d - d + 274 = 0. Let g = x - d. Is g composite?
True
Let h(b) = 509*b - 9. Let g be h(7). Suppose -1351*w - 63 = -1360*w. Suppose -w*d = -5*d - g. Is d a composite number?
False
Let i(v) = v**3 + v**2 - 2*v. Let o(l) = 2*l**3 + 5*l**2 - 9*l - 23. Let f(p) = -4*i(p) + o(p). Is f(-5) a composite number?
False
Let n = 229 - 227. Suppose v - 6456 = -n*d - 3*v, 5*v + 12977 = 4*d. Is d prime?
False
Let w = 493 - 494. Is w/6 - -20443*(-3)/(-18) a prime number?
True
Suppose -533706 = -2*q + 4*y, -3*q - 78*y + 800539 = -80*y. Is q a composite number?
True
Let s = 531 + 1643. Let j = 3985 - s. Is j a composite number?
False
Let m(d) = 14*d - 125. Let c be m(9). Is c/(1/(965 + 4 - 2)) a composite number?
False
Let y(q) = 12*q**3 - 27*q**2 - 23*q + 7. Is y(11) composite?
True
Let z(r) = 33*r**2 + 62*r - 1801. Is z(40) prime?
True
Suppose 5*l - 2*v = 30, -7*l + 30 = -2*l - v. Suppose -3*p = -2*n + 11371, -5*n - l*p + p + 28465 = 0. Suppose -n - 16142 = -8*w. Is w composite?
False
Let i = 595 + -594. Is 4632505/844*-4*i*-1 prime?
False
Let c = 1048 + -541. Let w = -123 - -439. Let d = c - w. Is d a prime number?
True
Is (117971 + -2)/(6 + 20 + -23) a prime number?
True
Let m = 2791975 + -1656384. Is m a composite number?
True
Let i be (750/20)/(-15)*(-4)/2. Suppose i*f + 2*y = 3155, -f = 2*f + 5*y - 1912. Is f a composite number?
True
Suppose 1406 = -4*i - 2*z, -2*i = 2*i + 4*z + 1404. Let v = 93 + -194. Let q = v - i. Is q prime?
True
Is (-4 - 3) + 2 - -9 - 3105/(-3) a prime number?
True
Let w(q) = 5*q**3 - 7*q**2 + 11*q - 25. Is w(24) a composite number?
False
Let x = 3938 - -93. Is x prime?
False
Let y be 4 + (-18154 - 1)*3/(-5). Suppose -5*q + h = -y, -155 = q + 3*h - 2328. Is q composite?
False
Let g(q) = -26*q**2 - 7*q - 45. Let r be g(7). Let n = -409 - r. Is n prime?
False
Let r(i) = -4*i + 24. Let u be r(6). Let k(s) = -2*s**2 + 4*s + 586. Let t(y) = 3*y**2 - 7*y - 1172. Let b(v) = -5*k(v) - 3*t(v). Is b(u) a prime number?
False
Let z(u) = -3342*u**3 + 8*u**2 - 44*u - 215. Is z(-9) composite?
False
Suppose -h - h = -3*p + 1, -h + 10 = 2*p. Let y(o) = 29*o**3 + o**2 - 4*o + 4. Let z be y(h). Suppose 8*x - 3*x + 4*v = 2361, -4*x = -4*v - z. Is x prime?
False
Let j = -478 + 484. Suppose -5*r + 308 = 4*h, 0 = -3*h + j*h - 5*r - 231. Is h composite?
True
Let x(y) = 11135*y**2 - 56*y + 212. Is x(-17) composite?
False
Let m(k) = 45*k**2 + 2*k + 11. Let v be m(4). Suppose v - 14183 = 4*y. Let n = y + 4760. Is n a composite number?
False
Suppose -203*z - 30*z = -67*z - 10695878. Is z composite?
False
Let r(l) = 46842*l**3 - 2*l**2 - 2*l + 3. Is r(1) a composite number?
True
Suppose 165*l = 7*l + 14284938. Is l a prime number?
False
Let v(a) = -3*a. Let k = 14 + -14. Let j be v(k). Suppose o + 4*l - 1713 = -2*o, j = 3*l. Is o composite?
False
Let j = 126 - -843. Let f = 350 + j. Is f a composite number?
False
Let p = 9 - -1. Let i(b) = p*b - 35*b - 27*b + 7*b - 23. Is i(-4) a composite number?
False
Let i(r) = -3988*r - 2347. Is i(-3) prime?
False
Suppose 0 = -3*x - 70780 + 202465. Suppose 6*w - w = x. Is w prime?
True
Let p be 1 - (1 + -1)/(-5 + 7). Let l(q) = 300842*q**2. Let t(z) = -359*z**2. Let i(d) = 3*l(d) + 2513*t(d). Is i(p) a prime number?
True
Let y(s) = -s**2 - 2*s + 29. Let a be y(-7). Let i be (3 - (-3)/(-2))*a/(-9). Is (4/(-8)*-586)/i a composite number?
False
Suppose 10*t + 146 = -174. Let g = t - -34. Suppose -2*n - 4*o = -634, 3*o + 446 = g*n - 188. Is n a composite number?
False
Let m = -6391170 - -9399013. Is m prime?
True
Let u be -3 + (46 - (-18)/(-6)). Let t = -247 + 732. Let d = t - u. Is d a composite number?
True
Is 12/140*28 - (-532103)/5 prime?
False
Let c = 15 + 30. Suppose -4*u = m - c, 2*u = 4*m - 2*m - 60. Suppose o + 5*i = -m + 125, 0 = o + 2*i - 83. Is o a prime number?
False
Suppose -6*t - 838 + 31210 = 0. Suppose -m = 5*x - t + 1518, m - 2126 = -3*x. Is x a composite number?
False
Suppose -10*z + 1276329 = -252461. Is z a prime number?
True
Suppose 3 = -2*f + 11. Suppose 2*t + f = 0, 0 = -5*y + 5*t + 3 - 38. Is y/3 - -34*71 a composite number?
False
Suppose f - 2*n = 2*n, -2*f + 13 = 5*n. Suppose 4*k - 5*j - 10594 = 0, f*k + 5*j - 8201 - 2413 = 0. Suppose 5*a - 4*l = 2633, 7*a + 2*l = 2*a + k. Is a prime?
False
Suppose 13*s - 12*s - 10 = 0. Let z be s/(-45) + 4/18. Suppose h + 6 - 65 = z. Is h prime?
True
Is 1/(-2)*(8 + 4) - (1 - 65366) composite?
True
Suppose 5*g = -16 - 14. Let l = 8 + g. Suppose -j - p = p - 147, 3*p - 299 = -l*j. Is j a composite number?
False
Let c = -11844 + 53443. Is c a composite number?
True
Let r(h) = -17*h**2 + h + 3. Let l(j) = -j + 1. Let y be (144/18)/(-1*(2 - 0)). Let p(u) = y*l(u) - r(u). Is p(-6) a prime number?
True
Suppose 13*w = 14*w - 51. Let a = w + -46. Suppose 5*t + 5*o = 3846 + 2384, 6257 = a*t - 4*o. Is t prime?
True
Let u(t) = -87*t - 49. Let m be -6*((-19)/(-12) - 21/84). Is u(m) a composite number?
False
Let p be (-1)/(-2)*6 - (-16)/16. Suppose p*n - 12567 = 12005. Is n a prime number?
True
Let b(w) = -866*w - 29. Suppose 5*o = -0*q + q + 29, -3*o + 7 = 2*q. Let s be 2/((-68)/12 + o). Is b(s) a composite number?
True
Suppose 4*o - 40 = 16. Suppose -7*z + o*z = -42. Is z/(-14) - 3644/(-7) prime?
True
Suppose -21*y + 1219708 + 1285655 = 0. Is y a composite number?
True
Let p = -284 + 311. Is 198/p*1761/2 a composite number?
True
Suppose -7*n = -d + 114013, 2*n - 86449 - 27600 = -d. Is d a composite number?
False
Suppose v + 1 = 0, -3*m + 8*v - 6*v = -272825. Is m a prime number?
False
Let p be 8/20 + (-1343)/(-5). Let f(d) = -7*d**2 + 17*d - 22. Let x be f(5). Let m = x + p. Is m a prime number?
True
Let a = 751 + -312. Is a a prime number?
True
Let w(r) = 120*r - 102 - 133*r + 1449. Is w(0) prime?
False
Let f(t) = 96*t**3 - 31*t**2 + 94*t - 1505. Is f(24) composite?
False
Let y(q) = -112*q - 131*q - 154*q + 4 + 20*q. Let c(m) = m + 11. Let b be c(-13). Is y(b) a prime number?
False
Suppose 5 = 6*s - 31. Let u(j) = -2*j**2 - 2*j - 3. Let z be u(0). Is (z + (9/s - -2))*154 prime?
False
Let d(t) = -563*t - 231*t - 14 + 187*t + 5. Is d(-4) prime?
False
Let w(g) = 4*g**2 + 40*g - 15. Let b be w(-10). Is -21327*((-70)/b + -5) prime?
True
Let b = 0 - -4. Suppose -412717 - 2456 - 373742 = -83*m. Suppose b*u + u - m = 0. Is u composite?
False
Let y be (-4)/((-8)/10) + -5 + 2. Suppose 0 = y*t + 5*p - 7788, -9123 = -3*t - 3*p + 2559. Suppose -4*a = -f + 4*f - 5839, 2*a = -2*f + t. Is f composite?
False
Let s = 61636 - 24315. Is s prime?
True
Is ((-130)/39 - -3)/(-3 + (-5648092)/(-1882698)) composite?
False
Suppose u = -25 - 118. Let j be ((9